28)) + 13
-5
Calculate -2 - -17 - (-4 - 0 - 1 - 11 - -2).
29
What is the value of -2 + (32 + 0 - 16) + 30?
44
-3 + (-2 - 9) + 381 + -335
32
What is -20 - (19 + -79 + 26)?
14
Evaluate -1 + (-102 - -1) + 10 + -37 + 3 + 29.
-97
141 + -236 - (-108 - 1)
14
Evaluate 7 + (17 - 11) + -44 + (-26 - -17).
-40
Evaluate -15 + -9 + -8 - -32.
0
Evaluate -26 + (-15 - -37) - -11 - (-91 + -6).
104
What is the value of 1 + 21 + 1 + (123710 - 123679)?
54
(56 - 46 - 7) + (-4 - (1 - 4)) + 89
91
What is -69 - (-120 + 165 + 14)?
-128
Calculate (36 - 25) + -42 - (8 + -64).
25
Evaluate (-23 - -10) + 8 - (101 - 98).
-8
What is the value of 85 + 54 - (151 - 43)?
31
What is the value of -7 + 0 + (64 - 46) - (7 + (21 - 6))?
-11
(35 - (-1 + 20) - -8) + -70
-46
-13 - ((-1 - 3) + -30 + 33 + -106 + -21)
115
Evaluate 141 + 1 - (-18 - ((23 - 16) + -38) - 1).
130
Evaluate -19 - -14 - (0 + (-2 - 0) + (256 - 259)).
0
What is the value of 29 - (-40 - (-31 + 11))?
49
Calculate 0 + 19 + (-15 - -11) + -22.
-7
(-1 + 35 - (48 - 9)) + 70
65
Calculate (672 - 650) + (0 - -1) + (-10 - 3).
10
Calculate -37 + -12 + (20 - 17 - 6).
-52
Evaluate -55 + 62 + (27 - -6).
40
(1473 - 1494) + (8 - (7 - 3))
-17
Calculate (1 - 13) + (8 - (86 - 17) - 4 - 21).
-98
What is the value of -5 - -9 - (14 + (50 - 43))?
-17
What is the value of 38 + -13 + (10 + -5 - (6 - 10))?
34
Calculate 36 + -84 + -52 + 196.
96
-4 + -1094 + 1170 + 0 + 1 + (-4 - 5)
64
What is -11 + -1 - ((5 - (-21 - -9)) + -14)?
-15
-2 + (-4 - -3) + -5 + 7 + -3 + 0
-4
Calculate -57 + 7 + (2 - 2) + (6 + -4 - 7).
-55
What is the value of 18 + (-24 - 17) + -4 + -35?
-62
Evaluate -5 - (-9 + (-1 - ((-2 - 10) + 0))).
-7
-23 - 1 - (-5228 + 5298)
-94
What is the value of 202 - (82 + -78 + 103)?
95
What is (-125 - 1) + (-396 - -471)?
-51
What is the value of (3 - 15) + 75 + 45?
108
What is (-14 - 0) + (8 - -8) + -64 + 5?
-57
Calculate -9 + -66 + -1 + 18 + 127 + -137 + 9.
-59
What is 0 - ((-31 - (4 + -36)) + (-4 - -1 - -11))?
-9
What is -14 + (-13 - (-10 - 13)) + (-96 - 12)?
-112
Evaluate 15 + -4 - ((-16 - -11) + 14) - 11.
-9
What is the value of 22 + -12 - (9 - 0 - 8) - 9?
0
What is the value of 29 + -20 + 11 + (-8 + -13 - -1)?
0
Evaluate 46 - (187 - 89) - (-1 + (4 - 1)).
-54
Evaluate 2 - 3 - -8 - ((-14 - 10) + 31).
0
Evaluate (25 + -9 - 10 - 25) + 7 - -52.
40
Evaluate -13 - (9 - -19 - 58 - (-11 + -1)).
5
Calculate -2 + 32 + 1 - (54 + -26 + -19 + -10).
32
-329 + 338 + (1 - 75) - (29 - 20)
-74
Evaluate 27 + -9 + -1 + (-143 - -145) - 7 - 24.
-12
(0 - 27) + (7 - 5)
-25
(2 - ((-1 - -41) + -17)) + 43
22
-86 + 1 - (-2 + -39 + -118 + 141)
-67
Evaluate 1 + -108 - (263 + -337).
-33
What is the value of (-15 - -4) + -64 + 116?
41
Evaluate 26 + 93 + 8 + -125.
2
Evaluate 20 - 3 - (-54 - -48 - -33).
-10
What is the value of (13 - 3) + -1 + (35 - (29 - 10 - -90))?
-65
20 + (-2 + 1 - 7) - 37
-25
-52 - 16 - (-5 + (9 - (12 + -9)) + 3)
-72
-92 - (117 - (87 + 222))
100
0 + 4 + (-8 - 7) + (21 - -60 - -9)
79
What is (-14 - (-43 - -19)) + 35 + -161?
-116
What is the value of (-59 - -29) + (-5 - -8) + 3 + -1?
-25
Evaluate (-57 - 3) + -6 + (-28 - -17 - (-4 - -1)).
-74
43 + -88 + 3 + -12
-54
Evaluate (7 + 8 - 77) + 3 + -1 + -4.
-64
What is the value of -33 + 51 + -4 + (48 - 31)?
31
Evaluate -1 - (-10 - (-8 + -3 + 7 - 17)).
-12
Calculate 14 - ((130 - 43) + -37).
-36
-63 - -21 - -40 - (-4 + (6 - 12))
8
What is ((6 - 2) + 0 - 67) + (14 - 9) - -2?
-56
5 - (-4 + -10 - (-32 - (37 + -132)))
82
Evaluate 4 + ((6 - 4) + -3 - -12) + -63 + 53.
5
What is 11 - -1 - (-33 - (45 - 92)) - (64 - 0)?
-66
Calculate 31 - (-13 + (-48 - -107)).
-15
-482 + 448 + -45 + 3 + 41
-35
Calculate -44 - (24 + (27 - 54) + 30).
-71
Evaluate (8 - (-2 + 5)) + (-106 - -38 - (47 - 9)).
-101
Calculate (197 - 209) + (60 - 3).
45
What is the value of -11 + 35 - (26 + -42) - 76?
-36
(33 - (27 - (-8 - -110))) + 9
117
Calculate 8 + 4623 + -4619 + (1 + 0 - (2 - 90)).
101
Evaluate (-10 - 14) + 116 + -131.
-39
Evaluate -9 + 9 + (-33 - -9) + 2.
-22
What is the value of -13 + (19 - -19 - 3) + 5?
27
176 + (175 - 357) + 0 + -67 + 0 - -1
-72
Evaluate -40 - 13 - (-129 + 96).
-20
What is the value of 11 + -100 - (35 + -12 - 3)?
-109
Calculate (-751 - -654) + 23 + 11.
-63
Evaluate (80 - (86 - 48)) + -97.
-55
Evaluate (17 - 5) + -18 + (15 - -7) + (-4 - 7).
5
What is the value of (-322 - -298) + -2 + 15 + -6?
-17
Calculate -411 + 421 + (0 - 60).
-50
What is 19 - (-12 + (18 - 5) + -11)?
29
Calculate 8 + 0 + (-30 - -26) - (15 + -4 + 5).
-12
What is the value of 11 + -107 - (-5 - 19)?
-72
84 - -3 - (-49 - (-1 + -69))
66
What is 4 + -46 + 12 + 33 + 0 + -2 + -2?
-1
Calculate 23 + (-3 - (5 - 31) - (352 + -360)).
54
Calculate (-52 - (-13 - 55)) + -19.
-3
What is 2 - (27 - (-41 - -38 - (3 + -2)))?
-29
-21 - ((-75 - 0) + (-101 - -103))
52
Calculate 19 + 7 + (-73 - (-37 + 16)) + 2.
-24
Evaluate (-8 - (7 + -11)) + 1 + -4 + 87.
80
What is the value of -8 + -2 + -52 - (9 + -2 - 13)?
-56
Calculate (12 - 74) + 23 - -11.
-28
Calculate (3 - 1 - (1 + 16 - 7)) + 66 - 3.
55
Evaluate 6 + (1 - -8 - 30) - 3 - -23.
5
20 + -15 + (37 - 5) + 7
44
What is the value of 171 + (-4 - 4 - 59)?
104
-2 - (-13 - 2 - -47)
-34
Calculate 1 + 15 + 17 + (-3 - (-14 + -12 + 45)).
11
Calculate (57 - (-70 - -131) - (40 - 0)) + -16.
-60
What is the value of -53 + 17 + 4 + 76 + 0 + 14 + -1?
57
19 + -8 + -8 - (-125 - -114)
14
Evaluate (-10 - (4 + -4) - 0) + 5 + (-47 - 10).
-62
Evaluate -32 - (-59 + -18 + 83).
-38
What is the value of -92 + 86 + -1 + -5 - 11?
-23
What is the value of -1 - 11 - (-29 + 35 + 31 + -116)?
67
Calculate -69 - (-3 - (-15 + 42 + -29 - (-1 + 2))).
-69
What is the value of 44 + (53 - 58 - (-6 - (3 + -3)))?
45
What is the value of -14 + (-16 - (-23 - -13) - (-3 + -6)) - -75?
64
What is the value of -1 + -11 + 10 + (35 + -18 - 19)?
-4
What is -16 - (3 + -96 + 85 - (-22 - -1))?
-29
1 - 3 - 56 - (-11821 - -11813)
-50
Evaluate 1 - (2 + (-58 - -46) + (-9 - 0)).
20
29 - 3 - (38 - ((1 - -36) + -9))
16
Calculate -41 + (85 - (-32 + 64)).
12
Evaluate (-4 - -35) + -29 + (-10 + 1 - 6).
-13
What is the value of 60 - (-71 + -10 + 103)?
38
20 + (-16 - -17) - (81 + -193)
133
Calculate 10 - (17 - -7) - (131 + -104).
-41
What is the value of ((-21 + 12 - -83) + 10 - (8 - 1)) + -5?
72
What is the value of -54 + 88 + (-14 - 3) - 67?
-50
What is the value of -6 - (48 + (24 - 34))?
-44
Evaluate 3 - 21 - ((23 - 8) + 41) - -4.
-70
(-33 + -19 - -58) + 3 + (0 - 2) - -66
73
71 + (391 - 395) + 1 + (2 - -1)
71
What is the value of 0 + -37 - (-8337 + 8418)?
-118
Evaluate -71 + 3 + 65 + -14 + 1 - -122.
106
Evaluate (0 - (-28 + 18 + -4)) + -20.
-6
Calculate -20 - (-159 + (-373 - -379 - (-2 - 0))).
131
Calculate -74 - 2 - (-476 - -412).
-12
1 - 14 - (9 + (-37 - 35))
50
Calculate 475 + -474 + (1 - -1 - 23 - -1).
-19
What is 43 - (17 + -2 + -6)?
34
Calculate -21 - (-89 + -9 + 16 + -14).
75
What is 10 + (-4 - 9 - -9) - 7 - 28?
-29
What is 18 + 18 + -29 + 3 - (8 - 4)?
6
What is 6 - (41 + -68 + -40)?
73
244 + -292 - (17 + -14)
-51
Evaluate 2 + -20 - (-13 - -11 - -23).
-39
-1 - -1 - ((45 - (5 - -17)) + 44)
-67
Evaluate -26 + 60 + -77 + 59.
16
-22 - ((-19 - (13 - 55)) + 26 + -20)
-51
What is the value of 31 + -28 + -37 + (-9 - (-1 - 1))?
-41
(16 - 3 - 5) + -1 + -9 + 1 - 39
-40
-23 + 9 + 6 + (3 - 41)
-46
5 - (1 - 11) - (-30 + -20)
65
What is -31 + 10 + -7 + (-4 - -7) + -3?
-28
-33 + -6 + 15 + (2 - 0) + -5
-27
What is -13 + (12 - 11) - (-4 - -7 - 23)?
8
Evaluate 4 + -59 + 730 + -653.
22
(48 - 3) + -64 + 37
18
-11 + (1 + -75 - ((-22 - 2) + -6 + 44))
-99
What is the value of 22 + 11 + -29 - (-11 - 47)?
62
Evaluate (90 - -1 - 197) + -21.
-127
What is 34 + -96 + ((7 - 5) + -4 - -10) - 3?
-57
Evaluate (2 - -5 - -4) + (-10 - (-13 + 69)).
-55
What is the value of 97 - 5 - (-1882 + 1874)?
100
Evaluate -5 + -6 - -20 - -4 - 12 - -2.
3
Evaluate 1 + 0 + -1 + 3 - (-204 - -47 - -165).
-5
Evaluate 3 + 3 - (14 + -28 + -6).
26
Evaluate 0 + -115 + (36 - (35 - 25)).
-89
5764 + -5780 - (-1 + 12)
-27
What is 1 + -5 + 16 + -24 + 6 + -19 + -10?
-35
What is (-2 - (-2 + 1 + -3)) + (-12 - (-5 - 14))?
9
Calculate 12 + 66 - (27 - 35) - (-9 - -29).
66
Calculate 157 + -51 - 38 - 19.
49
1 + 0 + -18 - ((60 - -61) + -182)
44
What is 22 + 48 + -29 - (2 + 0)?
39
What is 1 + 19 - (557 + -525 + 2 + 93)?
-107
Calculate -9 + (-7 - (59 + (